{"id":5604,"date":"2020-11-20T18:17:10","date_gmt":"2020-11-20T18:17:10","guid":{"rendered":"https:\/\/revistaecuadorescalidad.agrocalidad.gob.ec\/inicio\/?page_id=5604"},"modified":"2020-12-21T21:06:44","modified_gmt":"2020-12-21T21:06:44","slug":"etica-en-publicacion","status":"publish","type":"page","link":"https:\/\/revistaecuadorescalidad.agrocalidad.gob.ec\/inicio\/index.php\/etica-en-publicacion\/","title":{"rendered":"\u00c9tica en publicaci\u00f3n"},"content":{"rendered":"\t\t<div data-elementor-type=\"wp-page\" data-elementor-id=\"5604\" class=\"elementor elementor-5604\">\n\t\t\t\t\t\t<div class=\"elementor-inner\">\n\t\t\t\t<div class=\"elementor-section-wrap\">\n\t\t\t\t\t\t\t        <section class=\"elementor-section elementor-top-section elementor-element elementor-element-40fd8216 elementor-section-boxed elementor-section-height-default elementor-section-height-default\" data-id=\"40fd8216\" data-element_type=\"section\">\n            \n                        <div class=\"elementor-container elementor-column-gap-extended \">\n                            <div class=\"elementor-row\">\n                    <div class=\"elementor-column elementor-col-100 elementor-top-column elementor-element elementor-element-2a114ffb\" data-id=\"2a114ffb\" data-element_type=\"column\">\n            <div class=\"elementor-column-wrap elementor-element-populated\">\n                            <div class=\"elementor-widget-wrap\">\n                \t\t<div class=\"elementor-element elementor-element-10df5e6a wow fadeInUp elementor-widget elementor-widget-text-editor\" data-id=\"10df5e6a\" data-element_type=\"widget\" data-widget_type=\"text-editor.default\">\n\t\t\t\t<div class=\"elementor-widget-container\">\n\t\t\t\t\t\t\t\t<div class=\"elementor-text-editor elementor-clearfix\">\n\t\t\t\t<p><strong>REFERENCIAS GENERALES<\/strong><\/p>\n<p>La revista ECUADOR ES CALIDAD: Revista Cient\u00edfica Ecuatoriana se adhiere a los lineamientos para \u00e9tica en la publicaci\u00f3n, establecidos&nbsp; por el Committee on Publication Ethics (<a href=\"https:\/\/publicationethics.org\/\">COPE<\/a>). El presente documento ha tomado como base las normas establecidas en \u201c<a href=\"https:\/\/publicationethics.org\/files\/u7141\/1999pdf13.pdf\">Guidelines On Good Publication Practice<\/a>\u201d. Todos los autores, revisores, colaboradores, coeditores y editor declaran t\u00e1citamente seguir dichos principios.<\/p>\n<p>Con respecto a la detecci\u00f3n de plagio, la revista ECUADOR ES CALIDAD: Revista Cient\u00edfica Ecuatoriana, utiliza el sistema inform\u00e1tico iThenticate de Turnitin, para evaluar todos los manuscritos recibidos, defini\u00e9ndose como criterio m\u00e1ximo de aceptaci\u00f3n el 10% de similitud. Adicionalmente, los documentos deber\u00e1n contar con todas las citas y referencias bibliogr\u00e1ficas.<\/p>\n<div><br><\/div>\n<p><strong>SOBRE EL TRABAJO CIENT\u00cdFICO<\/strong><\/p>\n<p>Todo trabajo de&nbsp; investigaci\u00f3n deber\u00e1 estar bien justificado y planificado, y&nbsp; haber sido dise\u00f1ado correctamente. Los autores se comprometen a presentar documentos de validaci\u00f3n del estudio, de ser requerido. Dependiendo de la naturaleza de la investigaci\u00f3n, de ser necesario, los investigadores deber\u00e1n presentar los documentos de un comit\u00e9 de \u00e9tica apropiadamente constituido, que certifique la correcci\u00f3n y aprobaci\u00f3n del estudio.<\/p><p><br><\/p>\n<p><strong>AN\u00c1LISIS DE DATOS<\/strong><\/p>\n<p>Los datos deben ser correctamente analizados, detallando la metodolog\u00eda empleada y fuentes de informaci\u00f3n. Un an\u00e1lisis inapropiado de los mismos, no necesariamente equivale a una mala conducta. La falsificaci\u00f3n de datos si equivale a una conducta anti\u00e9tica.<\/p><p><br><\/p>\n<p><strong>AUTOR\u00cdA<\/strong><\/p>\n<p>Todos los autores se hacen responsables por el art\u00edculo; sin embargo,&nbsp; cada uno debe asumir la responsabilidad por la o las secciones donde se involucr\u00f3 y trabaj\u00f3 directamente. No se deber\u00e1 incluir a investigadores que no hayan contribuido al estudio.<\/p><p><br><\/p>\n<p><strong>CONFLICTOS DE INTER\u00c9S<\/strong><\/p>\n<p>Todo conflicto de inter\u00e9s, sea de tipo personal, acad\u00e9mico, financiero, u otro, deber\u00e1 ser declarado al editor por todos los involucrados: investigadores, autores y revisores. Esta declaraci\u00f3n se deber\u00e1 hacer cuando el art\u00edculo sea presentado para evaluaci\u00f3n.<\/p><p><br><\/p>\n<p><strong>REVISI\u00d3N POR PARES<\/strong><\/p>\n<p>Esta revisi\u00f3n es realizada por especialistas externos, seleccionados por el Editor y el Comit\u00e9 Editorial. La evaluaci\u00f3n del manuscrito es confidencial y todos los involucrados se comprometen a mantenerla. Los revisores y editores no podr\u00e1n hacer uso de la informaci\u00f3n presentada, a menos que tengan la autorizaci\u00f3n de los autores. Los revisores deber\u00e1n proporcionar informaci\u00f3n r\u00e1pida y precisa en sus comentarios, as\u00ed como, informes objetivos, bien justificados e imparciales. Por otra parte, los revisores se comprometen a notificar confidencialmente al editor de cualquier sospecha de conducta anti\u00e9tica.<\/p><p><br><\/p>\n<p><strong>DUPLICACI\u00d3N DE INFORMACI\u00d3N<\/strong><\/p>\n<p>Los estudios presentados no deben haber sido publicados, por lo que no deben repetirse, a menos que se requiera realizar un estudio adicional.&nbsp; Los autores no podr\u00e1n remitir para evaluaci\u00f3n un mismo manuscrito a m\u00e1s de una revista&nbsp; o a cualquier otra fuente de publicaci\u00f3n.<\/p><p><br><\/p>\n<p><strong>PLAGIO <\/strong><\/p>\n<p>Todas las fuentes de informaci\u00f3n utilizadas para la elaboraci\u00f3n del estudio deben identificarse claramente y estar referenciadas y citadas. Los autores deber\u00e1n solicitar permiso por escrito para el uso de cierta informaci\u00f3n de otros autores, cuando sea necesario.<\/p><p><br><\/p>\n<p><strong>RESPONSABILIDAD EDITORIAL<\/strong><\/p>\n<p>La decisi\u00f3n de los manuscritos a cargo del editor y comit\u00e9 editorial deber\u00e1 ser tomada exclusivamente, basada en criterios de importancia, originalidad, claridad y relevancia del estudio; as\u00ed como&nbsp; de respeto de las reglas de escritura cient\u00edfica de la revista. Todos los involucrados en el proceso editorial est\u00e1n comprometidos a mantener total&nbsp; confidencialidad de los manuscritos recibidos y de su estado.<\/p><p><br><\/p>\n<p><strong>SOBRE LA MALA PR\u00c1CTICA<\/strong><\/p>\n<p>Los autores e involucrados en el proceso editorial se comprometen a realizar un trabajo honesto, profesional y de buena fe, asegur\u00e1ndose que los resultados demuestren un trabajo \u00e9tico. Los involucrados en el proceso editorial de acuerdo a sus responsabilidades y en medida de lo posible se comprometen a evaluar los manuscritos y dar seguimiento a cualquier sospecha de mala pr\u00e1ctica cient\u00edfica, pudiendo tomar las medidas que consideren m\u00e1s convenientes en los casos en los que se compruebe falta de \u00e9tica en cualquier trabajo presentado para evaluaci\u00f3n.<\/p><p><br><\/p>\t\t\t\t\t<\/div>\n\t\t\t\t\t\t<\/div>\n\t\t\t\t<\/div>\n\t\t                <\/div>\n                    <\/div>\n        <\/div>\n                                <\/div>\n                    <\/div>\n        <\/section>\n        \t\t\t\t\t\t\t<\/div>\n\t\t\t<\/div>\n\t\t\t\t\t<\/div>\n\t\t","protected":false},"excerpt":{"rendered":"<p>REFERENCIAS GENERALES La revista ECUADOR ES CALIDAD: Revista Cient\u00edfica Ecuatoriana se adhiere a los lineamientos para \u00e9tica en la publicaci\u00f3n, establecidos&nbsp; por el Committee on Publication Ethics (COPE). El presente documento ha tomado como base las normas establecidas en \u201cGuidelines On Good Publication Practice\u201d. Todos los autores, revisores, colaboradores, coeditores y editor declaran t\u00e1citamente seguir [&hellip;]<\/p>\n","protected":false},"author":1,"featured_media":0,"parent":0,"menu_order":0,"comment_status":"closed","ping_status":"closed","template":"","meta":[],"_links":{"self":[{"href":"https:\/\/revistaecuadorescalidad.agrocalidad.gob.ec\/inicio\/index.php\/wp-json\/wp\/v2\/pages\/5604"}],"collection":[{"href":"https:\/\/revistaecuadorescalidad.agrocalidad.gob.ec\/inicio\/index.php\/wp-json\/wp\/v2\/pages"}],"about":[{"href":"https:\/\/revistaecuadorescalidad.agrocalidad.gob.ec\/inicio\/index.php\/wp-json\/wp\/v2\/types\/page"}],"author":[{"embeddable":true,"href":"https:\/\/revistaecuadorescalidad.agrocalidad.gob.ec\/inicio\/index.php\/wp-json\/wp\/v2\/users\/1"}],"replies":[{"embeddable":true,"href":"https:\/\/revistaecuadorescalidad.agrocalidad.gob.ec\/inicio\/index.php\/wp-json\/wp\/v2\/comments?post=5604"}],"version-history":[{"count":7,"href":"https:\/\/revistaecuadorescalidad.agrocalidad.gob.ec\/inicio\/index.php\/wp-json\/wp\/v2\/pages\/5604\/revisions"}],"predecessor-version":[{"id":6188,"href":"https:\/\/revistaecuadorescalidad.agrocalidad.gob.ec\/inicio\/index.php\/wp-json\/wp\/v2\/pages\/5604\/revisions\/6188"}],"wp:attachment":[{"href":"https:\/\/revistaecuadorescalidad.agrocalidad.gob.ec\/inicio\/index.php\/wp-json\/wp\/v2\/media?parent=5604"}],"curies":[{"name":"wp","href":"https:\/\/api.w.org\/{rel}","templated":true}]}}