{"id":5857,"date":"2020-12-03T04:13:08","date_gmt":"2020-12-03T04:13:08","guid":{"rendered":"https:\/\/revistaecuadorescalidad.agrocalidad.gob.ec\/inicio\/?page_id=5857"},"modified":"2020-12-03T04:46:05","modified_gmt":"2020-12-03T04:46:05","slug":"matilde-moreta-egas","status":"publish","type":"page","link":"https:\/\/revistaecuadorescalidad.agrocalidad.gob.ec\/inicio\/index.php\/matilde-moreta-egas\/","title":{"rendered":"Matilde Moreta Egas"},"content":{"rendered":"\t\t<div data-elementor-type=\"wp-page\" data-elementor-id=\"5857\" class=\"elementor elementor-5857\">\n\t\t\t\t\t\t<div class=\"elementor-inner\">\n\t\t\t\t<div class=\"elementor-section-wrap\">\n\t\t\t\t\t\t\t        <section class=\"elementor-section elementor-top-section elementor-element elementor-element-e2d4a6c elementor-section-boxed elementor-section-height-default elementor-section-height-default\" data-id=\"e2d4a6c\" data-element_type=\"section\">\n            \n                        <div class=\"elementor-container elementor-column-gap-extended \">\n                            <div class=\"elementor-row\">\n                    <div class=\"elementor-column elementor-col-100 elementor-top-column elementor-element elementor-element-de3f4f6\" data-id=\"de3f4f6\" data-element_type=\"column\">\n            <div class=\"elementor-column-wrap elementor-element-populated\">\n                            <div class=\"elementor-widget-wrap\">\n                \t\t<div class=\"elementor-element elementor-element-605e76d elementor-widget elementor-widget-ct_team_details\" data-id=\"605e76d\" data-element_type=\"widget\" data-widget_type=\"ct_team_details.default\">\n\t\t\t\t<div class=\"elementor-widget-container\">\n\t\t\t<div class=\"ct-team-details\">\r\n\t\t\t<div class=\"ct-team-image bg-image\" style=\"background-image: url(https:\/\/revistaecuadorescalidad.agrocalidad.gob.ec\/inicio\/wp-content\/uploads\/2020\/12\/12.jpg);\"><\/div>\r\n\t\t<div class=\"ct-team-content bg-image\">\r\n\t\t<div class=\"ct-team-holder\">\r\n\t\t\t<div class=\"ct-team-icon\"><i class=\"fac fac-user-cog\"><\/i><\/div>\r\n\t\t\t<div class=\"ct-team-meta\">\r\n\t\t\t\t<h3 class=\"ct-team-title\">Matilde Moreta Egas <\/h3>\r\n\t\t\t\t<div class=\"ct-team-position\">Miembro del Comit\u00e9 Editorial<\/div>\r\n\t\t\t<\/div>\r\n\t\t<\/div>\r\n\t\t<ul class=\"ct-team-contact\">\r\n\t\t\t\t\t\t\t<li><i class=\"fac fac-envelope\"><\/i>matilde.moreta@agrocalidad.gob.ec<\/li>\r\n\t\t\t\t\t\t\t\t\t\t<li><i class=\"fac fac-phone\"><\/i>02 3828 860 Ext. 2090<\/li>\r\n\t\t\t\t\t\t\t\t\t\t<li class=\"contact-address\"><i class=\"fac fac-map-marker-alt\"><\/i>Coordinaci\u00f3n General de Laboratorios, Agencia de Regulaci\u00f3n y Control Fito y Zoosanitario, Ecuador.<\/li>\r\n\t\t\t\t\t<\/ul>\r\n\t\t<div class=\"ct-team-social\">\r\n\t\t\t\t\t\t\t\t\t\t<div class=\"ct-team-social-list\">\r\n\t\t\t\t\t\t\t\t            \t\t\t                <a href=\"https:\/\/orcid.org\/0000-0003-2180-721X\" target=\"_blank\">\r\n\t\t\t                    <i aria-hidden=\"true\" class=\"fab fa-orcid\"><\/i>\t\t\t                    \t\t\t                <\/a>\r\n\t\t\t            \t\t\t        \t\t\t\t<\/div>\r\n\t\t\t\t\t<\/div>\r\n\t<\/div>\r\n<\/div>\t\t<\/div>\n\t\t\t\t<\/div>\n\t\t                <\/div>\n                    <\/div>\n        <\/div>\n                                <\/div>\n                    <\/div>\n        <\/section>\n                <section class=\"elementor-section elementor-top-section elementor-element elementor-element-2b0ab90 elementor-section-boxed elementor-section-height-default elementor-section-height-default\" data-id=\"2b0ab90\" data-element_type=\"section\">\n            \n                        <div class=\"elementor-container elementor-column-gap-default \">\n                            <div class=\"elementor-row\">\n                    <div class=\"elementor-column elementor-col-100 elementor-top-column elementor-element elementor-element-11c2a9c\" data-id=\"11c2a9c\" data-element_type=\"column\">\n            <div class=\"elementor-column-wrap elementor-element-populated\">\n                            <div class=\"elementor-widget-wrap\">\n                \t\t<div class=\"elementor-element elementor-element-5f5bc25 elementor-widget elementor-widget-text-editor\" data-id=\"5f5bc25\" data-element_type=\"widget\" data-widget_type=\"text-editor.default\">\n\t\t\t\t<div class=\"elementor-widget-container\">\n\t\t\t\t\t\t\t\t<div class=\"elementor-text-editor elementor-clearfix\">\n\t\t\t\t<p style=\"text-align: justify;\">Matilde Moreta estudi\u00f3 bioqu\u00edmica en la opci\u00f3n alimentos en la Facultad de Ciencias Qu\u00edmicas de la Universidad Central del Ecuador. En el \u00e1mbito profesional se ha desempe\u00f1ado en el \u00e1rea de aseguramiento de la calidad en industria de alimentos y en el an\u00e1lisis qu\u00edmico y microbiol\u00f3gico de los alimentos. Actualmente es responsable del \u00e1rea de diagn\u00f3stico animal de la Red de Laboratorios Autorizados por la Agencia de Regulaci\u00f3n y Control Fito y Zoosanitario.<\/p>\t\t\t\t\t<\/div>\n\t\t\t\t\t\t<\/div>\n\t\t\t\t<\/div>\n\t\t                <\/div>\n                    <\/div>\n        <\/div>\n                                <\/div>\n                    <\/div>\n        <\/section>\n        \t\t\t\t\t\t\t<\/div>\n\t\t\t<\/div>\n\t\t\t\t\t<\/div>\n\t\t","protected":false},"excerpt":{"rendered":"<p>Matilde Moreta Egas Miembro del Comit\u00e9 Editorial matilde.moreta@agrocalidad.gob.ec 02 3828 860 Ext. 2090 Coordinaci\u00f3n General de Laboratorios, Agencia de Regulaci\u00f3n y Control Fito y Zoosanitario, Ecuador. Matilde Moreta estudi\u00f3 bioqu\u00edmica en la opci\u00f3n alimentos en la Facultad de Ciencias Qu\u00edmicas de la Universidad Central del Ecuador. En el \u00e1mbito profesional se ha desempe\u00f1ado en el [&hellip;]<\/p>\n","protected":false},"author":1,"featured_media":0,"parent":0,"menu_order":0,"comment_status":"closed","ping_status":"closed","template":"","meta":[],"_links":{"self":[{"href":"https:\/\/revistaecuadorescalidad.agrocalidad.gob.ec\/inicio\/index.php\/wp-json\/wp\/v2\/pages\/5857"}],"collection":[{"href":"https:\/\/revistaecuadorescalidad.agrocalidad.gob.ec\/inicio\/index.php\/wp-json\/wp\/v2\/pages"}],"about":[{"href":"https:\/\/revistaecuadorescalidad.agrocalidad.gob.ec\/inicio\/index.php\/wp-json\/wp\/v2\/types\/page"}],"author":[{"embeddable":true,"href":"https:\/\/revistaecuadorescalidad.agrocalidad.gob.ec\/inicio\/index.php\/wp-json\/wp\/v2\/users\/1"}],"replies":[{"embeddable":true,"href":"https:\/\/revistaecuadorescalidad.agrocalidad.gob.ec\/inicio\/index.php\/wp-json\/wp\/v2\/comments?post=5857"}],"version-history":[{"count":8,"href":"https:\/\/revistaecuadorescalidad.agrocalidad.gob.ec\/inicio\/index.php\/wp-json\/wp\/v2\/pages\/5857\/revisions"}],"predecessor-version":[{"id":6672,"href":"https:\/\/revistaecuadorescalidad.agrocalidad.gob.ec\/inicio\/index.php\/wp-json\/wp\/v2\/pages\/5857\/revisions\/6672"}],"wp:attachment":[{"href":"https:\/\/revistaecuadorescalidad.agrocalidad.gob.ec\/inicio\/index.php\/wp-json\/wp\/v2\/media?parent=5857"}],"curies":[{"name":"wp","href":"https:\/\/api.w.org\/{rel}","templated":true}]}}

<div data-elementor-type="wp-page" data-elementor-id="5857" class="elementor elementor-5857">
						<div class="elementor-inner">
				<div class="elementor-section-wrap">
							        <section class="elementor-section elementor-top-section elementor-element elementor-element-e2d4a6c elementor-section-boxed elementor-section-height-default elementor-section-height-default" data-id="e2d4a6c" data-element_type="section">
            
                        <div class="elementor-container elementor-column-gap-extended ">
                            <div class="elementor-row">
                    <div class="elementor-column elementor-col-100 elementor-top-column elementor-element elementor-element-de3f4f6" data-id="de3f4f6" data-element_type="column">
            <div class="elementor-column-wrap elementor-element-populated">
                            <div class="elementor-widget-wrap">
                		<div class="elementor-element elementor-element-605e76d elementor-widget elementor-widget-ct_team_details" data-id="605e76d" data-element_type="widget" data-widget_type="ct_team_details.default">
				<div class="elementor-widget-container">
			<div class="ct-team-details">
			<div class="ct-team-image bg-image" style="background-image: url(https://revistaecuadorescalidad.agrocalidad.gob.ec/inicio/wp-content/uploads/2020/12/12.jpg);"></div>
		<div class="ct-team-content bg-image">
		<div class="ct-team-holder">
			<div class="ct-team-icon"><i class="fac fac-user-cog"></i></div>
			<div class="ct-team-meta">
				<h3 class="ct-team-title">Matilde Moreta Egas </h3>
				<div class="ct-team-position">Miembro del Comité Editorial</div>
			</div>
		</div>
		<ul class="ct-team-contact">
							<li><i class="fac fac-envelope"></i>matilde.moreta@agrocalidad.gob.ec</li>
										<li><i class="fac fac-phone"></i>02 3828 860 Ext. 2090</li>
										<li class="contact-address"><i class="fac fac-map-marker-alt"></i>Coordinación General de Laboratorios, Agencia de Regulación y Control Fito y Zoosanitario, Ecuador.</li>
					</ul>
		<div class="ct-team-social">
										<div class="ct-team-social-list">
								            			                <a href="https://orcid.org/0000-0003-2180-721X" target="_blank">
			                    <i aria-hidden="true" class="fab fa-orcid"></i>			                    			                </a>
			            			        				</div>
					</div>
	</div>
</div>		</div>
				</div>
		                </div>
                    </div>
        </div>
                                </div>
                    </div>
        </section>
                <section class="elementor-section elementor-top-section elementor-element elementor-element-2b0ab90 elementor-section-boxed elementor-section-height-default elementor-section-height-default" data-id="2b0ab90" data-element_type="section">
            
                        <div class="elementor-container elementor-column-gap-default ">
                            <div class="elementor-row">
                    <div class="elementor-column elementor-col-100 elementor-top-column elementor-element elementor-element-11c2a9c" data-id="11c2a9c" data-element_type="column">
            <div class="elementor-column-wrap elementor-element-populated">
                            <div class="elementor-widget-wrap">
                		<div class="elementor-element elementor-element-5f5bc25 elementor-widget elementor-widget-text-editor" data-id="5f5bc25" data-element_type="widget" data-widget_type="text-editor.default">
				<div class="elementor-widget-container">
								<div class="elementor-text-editor elementor-clearfix">
				<p style="text-align: justify;">Matilde Moreta estudió bioquímica en la opción alimentos en la Facultad de Ciencias Químicas de la Universidad Central del Ecuador. En el ámbito profesional se ha desempeñado en el área de aseguramiento de la calidad en industria de alimentos y en el análisis químico y microbiológico de los alimentos. Actualmente es responsable del área de diagnóstico animal de la Red de Laboratorios Autorizados por la Agencia de Regulación y Control Fito y Zoosanitario.</p>					</div>
						</div>
				</div>
		                </div>
                    </div>
        </div>
                                </div>
                    </div>
        </section>
        							</div>
			</div>
					</div>

<p>Matilde Moreta Egas Miembro del Comité Editorial matilde.moreta@agrocalidad.gob.ec 02 3828 860 Ext. 2090 Coordinación General de Laboratorios, Agencia de Regulación y Control Fito y Zoosanitario, Ecuador. Matilde Moreta estudió bioquímica en la opción alimentos en la Facultad de Ciencias Químicas de la Universidad Central del Ecuador. En el ámbito profesional se ha desempeñado en el [&hellip;]</p>
